a(-4).
172
Let l(w) = 9*w**2 - 10836*w - 299138. Give l(-27).
-5
Let b(u) = -701*u + 295924. Determine b(422).
102
Let f(k) = 10223*k - 30073. Give f(3).
596
Let l(m) = -14*m**3 + 557*m**2 + 100*m + 714. Determine l(40).
-86
Let n(t) = -14*t**3 + 183*t**2 - 915*t + 11736. What is n(13)?
10
Let u(r) = -214*r + 14910. Calculate u(82).
-2638
Let h(l) = 2*l**2 + 806*l + 58929. What is h(-307)?
-15
Let u(j) = 77*j**2 - 2998*j + 510. Determine u(39).
705
Let v(f) = 4*f**2 + 108*f - 17455. What is v(-81)?
41
Let a(r) = 18131*r - 54200. What is a(3)?
193
Let q(u) = 50*u**2 + 702*u + 2406. Give q(-5).
146
Let p(s) = s**3 + 668*s**2 + 1358*s + 17297. Determine p(-666).
-19
Let r(l) = 122*l + 2841. Give r(-21).
279
Let w(g) = 13652*g - 13720. Give w(1).
-68
Let j(w) = w**3 + 39*w**2 - 123*w - 302. What is j(-42)?
-428
Let w(r) = 654*r - 9241. Calculate w(17).
1877
Let r(g) = -5*g**2 - 265*g + 1362. Calculate r(5).
-88
Let u(o) = -o**2 + 177*o - 7987. Give u(86).
-161
Let s(k) = 4492*k - 21931. Calculate s(5).
529
Let w(n) = n**2 - 343499*n - 4. Give w(0).
-4
Let p(k) = -300*k + 10491. Calculate p(35).
-9
Let y(t) = -t**3 - 42*t**2 + 270*t - 904. Give y(-48).
-40
Let s(u) = u**2 - 36982*u - 147947. Determine s(-4).
-3
Let n(a) = -29*a**3 + 10*a**2 - 79*a - 89. What is n(-1)?
29
Let b(a) = a**3 - 20*a**2 - 209*a + 4390. Calculate b(18).
-20
Let n(m) = 5*m**3 + m**2 + 43*m - 55. Give n(0).
-55
Let a(r) = -7*r**2 + 581*r - 5743. Give a(10).
-633
Let b(g) = 3*g**3 + 468*g**2 + 4*g + 649. Give b(-156).
25
Let k(w) = 74988*w + 524841. Determine k(-7).
-75
Let m(h) = 68408*h - 4172881. Determine m(61).
7
Let m(v) = -6*v**3 - 3064*v**2 - 14149*v + 9627. Determine m(-506).
13
Let w(p) = -4*p**2 - 830*p - 2357. Give w(-3).
97
Let b(r) = -100*r**2 + 707*r + 5. Give b(7).
54
Let k(u) = 3*u**3 - 317*u**2 - 110*u - 2080. Determine k(106).
-2504
Let i(q) = -12*q**2 - 4444*q - 26213. Determine i(-6).
19
Let v(l) = l**2 - 2854*l + 48240. What is v(17)?
11
Let t(c) = -4516*c + 37257. Calculate t(8).
1129
Let w(b) = -b**3 + 301*b**2 - 9766*b - 110. What is w(37)?
-36
Let d(v) = 2506*v + 82693. Give d(-33).
-5
Let r(l) = -91*l**3 + 7*l**2 + 81*l - 346. Determine r(4).
-5734
Let r(v) = 69*v**2 - 450*v - 3423. What is r(11)?
-24
Let w(j) = j**3 - j**2 - 82*j + 221. Determine w(-12).
-667
Let h(i) = 164*i + 12320. Give h(-76).
-144
Let f(c) = -931*c - 1244. What is f(-1)?
-313
Let v(m) = -2*m**3 + 986*m**2 + 13127*m - 384. Determine v(-13).
-7
Let t(c) = -1239*c + 215354. Calculate t(174).
-232
Let i(y) = -79*y**2 - 5*y - 6. Calculate i(2).
-332
Let d(o) = o**3 + 9*o**2 - 231*o - 182. Determine d(12).
70
Let v(n) = -1099*n - 4256. Calculate v(-2).
-2058
Let g(f) = 5*f**2 + 630*f + 18390. What is g(-80)?
-10
Let t(p) = 6701372*p + 26805479. Determine t(-4).
-9
Let s(o) = -20012*o + 7184253. Determine s(359).
-55
Let t(l) = -239*l + 16535. Give t(74).
-1151
Let a(p) = -p**3 - 108*p**2 - 79*p - 8683. Determine a(-108).
-151
Let n(c) = c**3 + 134*c**2 + 1400*c + 555. Give n(-11).
38
Let f(s) = s**2 + 44*s - 1225. Give f(-64).
55
Let y(h) = 3*h**2 + 453*h + 9054. Calculate y(-24).
-90
Let z(u) = -6*u**2 + 2331*u - 22710. Calculate z(10).
0
Let v(s) = -s**2 + 67*s + 2719. What is v(-31)?
-319
Let c(w) = 2*w**3 + 24*w**2 + 156*w + 158. Determine c(-5).
-272
Let g(x) = -5*x**3 + 335*x**2 - 271. Determine g(67).
-271
Let v(x) = 2*x**2 + 62*x + 381. Determine v(-34).
585
Let s(u) = -u**3 + 78*u**2 + 176*u - 1396. Give s(80).
-116
Let p(w) = 2*w**2 - 162*w - 8769. Calculate p(119).
275
Let s(m) = -74*m**2 - 1333*m - 5337. Give s(-6).
-3
Let t(i) = i**3 + 1086*i**2 + 112519*i - 945. Determine t(-970).
25
Let f(y) = -16*y**3 - 13*y**2 - 204*y - 944. Determine f(-5).
1751
Let r(x) = -x**3 + 74*x**2 + 2479*x - 331. Calculate r(99).
65
Let h(q) = -1243*q - 33446. What is h(-27)?
115
Let s(z) = -60948*z - 60923. Calculate s(-1).
25
Let y(u) = -2*u**3 - 202*u**2 - 5*u - 474. Calculate y(-101).
31
Let g(q) = -199*q**2 - 1474*q - 4428. What is g(-3)?
-1797
Let l(n) = n**3 + 9*n**2 - 73*n - 560. What is l(-10)?
70
Let f(x) = -x**3 + 38*x**2 + 163*x - 1807. Determine f(41).
-167
Let w(n) = -25727*n + 4193498. Calculate w(163).
-3
Let f(c) = -14895*c - 2993900. Calculate f(-201).
-5
Let m(c) = -26*c**2 + 215*c + 7091. Determine m(-14).
-1015
Let d(w) = -11*w**2 + 860*w - 12360. What is d(19)?
9
Let a(v) = -6223*v**2 - 211568*v + 27. Determine a(-34).
-449
Let h(s) = 2*s**3 + 886*s**2 + 16113*s + 415. Calculate h(-424).
-9
Let p(x) = x**3 + 122*x**2 - 79*x + 5911. Calculate p(-123).
499
Let u(m) = -m**3 - 6*m**2 + 84*m - 180. Give u(5).
-35
Let t(a) = a**2 - 8110*a - 285106. Calculate t(-35).
-31
Let p(w) = 4*w**3 + 894*w**2 - 24844*w - 147. Calculate p(25).
3
Let d(s) = -236015*s + 2832176. Determine d(12).
-4
Let c(l) = -9509*l + 20187604. Determine c(2123).
-3
Let i(d) = -1667*d + 68605. Determine i(41).
258
Let g(m) = 5440*m + 21965. What is g(-4)?
205
Let r(h) = -91*h**3 - 37219*h**2 + 6*h + 2579. Determine r(-409).
125
Let g(j) = j**3 - 39*j**2 - 765*j + 31718. What is g(35)?
43
Let p(q) = q**3 - 5*q**2 + 340*q - 4468. Give p(11).
-2
Let y(l) = 17*l**2 + 3476*l - 8932. Determine y(-207).
-31
Let r(w) = -w**3 + 155*w**2 + 1368*w + 1633. What is r(-7)?
-5
Let a(o) = 12*o**3 + 23*o**2 + 36*o - 2. Determine a(-4).
-546
Let p(f) = 5*f**2 + 760*f - 2296. Calculate p(-155).
29
Let t(r) = -r**3 - 16*r**2 - 152*r - 481. Determine t(-5).
4
Let z(x) = -2*x**2 - 252*x - 2655. Calculate z(-12).
81
Let n(k) = -17515*k - 140116. Give n(-8).
4
Let f(y) = 13*y**2 - 8680*y + 6025. Determine f(667).
22
Let a(c) = -4361*c + 8445. What is a(2)?
-277
Let q(o) = 722*o**2 + 45486*o - 43. Determine q(-63).
-43
Let t(a) = -7*a**3 - 7*a**2 + 3*a + 52. Give t(-4).
376
Let m(u) = -51*u + 1888. Calculate m(35).
103
Let b(a) = 323*a - 192. Give b(7).
2069
Let x(t) = -t**2 - 17875*t + 322081. What is x(18)?
7
Let k(u) = 5407*u - 2524995. Calculate k(467).
74
Let g(y) = 771*y - 4402. Determine g(5).
-547
Let u(i) = -172003*i + 516416. What is u(3)?
407
Let u(t) = 218*t - 1393. Determine u(8).
351
Let u(k) = -k**3 - 289*k**2 + 2686*k - 30. Calculate u(9).
6
Let d(b) = -b**3 + 508*b - 3754. What is d(8)?
-202
Let m(d) = -d**3 + 173*d**2 + 1075*d - 216. Calculate m(179).
-37
Let n(j) = -4798*j - 27798. Determine n(-7).
5788
Let z(p) = -15*p**3 + 787*p**2 - 362*p - 53. What is z(52)?
51
Let y(k) = k**3 - 17*k**2 + 3*k + 131. Determine y(14).
-415
Let u(w) = -166*w**3 - 64074*w**2 + 772*w - 71. What is u(-386)?
-71
Let s(t) = -73*t**3 + 204*t**2 - 283*t + 82. Calculate s(1).
-70
Let f(u) = 11*u**3 + 3*u**2 - 22*u - 136. What is f(0)?
-136
Let y(o) = 136*o**3 + 164*o**2 + 119*o - 42. Give y(-1).
-133
Let m(u) = 3*u**2 + 563*u - 42020. Calculate m(-245).
120
Let p(t) = 11*t**3 + 7*t**2 - 66*t - 415. What is p(-4)?
-743
Let r(g) = 208*g**2 - 5172*g + 4320. Determine r(24).
0
Let x(k) = -24*k**2 - 2646*k - 257. What is x(-110)?
403
Let n(w) = 178*w + 5130. What is n(-29)?
-32
Let p(q) = -3*q**2 + 143*q + 34492. Give p(-86).
6
Let n(h) = 148103*h - 2073430. Determine n(14).
12
Let s(c) = -c**2 - 122*c + 469. Determine s(-108).
1981
Let p(n) = 34360*n + 274949. What is p(-8)?
69
Let g(t) = 7*t**2 - 70*t - 258. Calculate g(13).
15
Let q(r) = -9*r**2 + 102*r - 429. What is q(6)?
-141
Let f(u) = -8*u**3 + 14*u**2 + 185*u + 688. Give f(-4).
684
Let m(v) = 22117*v + 132673. Calculate m(-6).
-29
Let t(s) = 2*s**3 - 4*s**2 - 424*s + 1665. Give t(4).
33
Let j(w) = -7*w**2 + 5794*w + 46292. Determine j(-8).
-508
Let q(r) = -r**2 - 136*r + 4071. Determine q(-162).
-141
Let y(q) = -10*q**3 + 61*q**2 + 2844*q - 17098. Give y(6).
2
Let l(g) = -9474*g - 69359. What is l(-7)?
-3041
Let a(w) = 1998*w + 22391. What is a(-10)?
2411
Let m(h) = 41*h**2 - 8278*h - 959. Calculate m(202).
-151
Let i(s) = 2*s**3 + 100*s**2 - 924*s - 33. Give i(8).
-1
Let q(d) = 3228*d + 406. What is q(-1)?
-2822
Let s(r) = 2*r**3 - 147*r**2 - 1033*r - 477. Calculate s(80).
83
Let g(m) = 71*m - 4220. Calculate g(72).
892
Let w(f) = -229*f + 5113. Calculate w(29).
-1528
Let b(x) = -35*x**3 - x**2 - 135*x + 419. Give b(3).
-940
Let x(f) = -4754*f + 2576679. Give x(542).
11
Let s(p) = -494*p**2 + 4570*p - 1163. Calculate s(9).
-47
Let y(a) = -a**2 - 343*a - 21404. Give y(-261).